{"id":13352,"date":"2023-09-06T17:55:52","date_gmt":"2023-09-06T17:55:52","guid":{"rendered":"https:\/\/lifecenter.com.tr\/magaza\/?post_type=product&#038;p=13352"},"modified":"2025-02-18T14:34:55","modified_gmt":"2025-02-18T14:34:55","slug":"cellucor-c4-original-30-serv-preworkout","status":"publish","type":"product","link":"https:\/\/lifecenter.com.tr\/magaza\/urun\/cellucor-c4-original-30-serv-preworkout\/","title":{"rendered":"Cellucor C4 Original &#8211; 30 Serv. &#8211; Preworkout"},"content":{"rendered":"<blockquote>\n<ul class=\"list-container product-detail-container\">\n<li id=\"descriptionTabTrigger\">\n<div id=\"productDescriptionContent\" data-bind=\"visible: isProductDescriptionVisible\">\n<div id=\"tabProductDesc\" class=\"list-item-detail\">\n<table class=\"shouldFix\">\n<tbody>\n<tr>\n<td class=\"no-border\">\n<div id=\"productDescContent\">\n<table>\n<tbody>\n<tr>\n<td class=\"no-border\">\n<div id=\"productDescriptionContent\">Cellucor C4 Original Pre Workout 30 Servis<\/p>\n<pre>Cellucor C4 Extreme antrenman yada aktivite \u00f6ncesinde enerji ve g\u00fc\u00e7 art\u0131\u015f\u0131 sa\u011flayabilmesi i\u00e7in \u00f6zel olarak toz formda geli\u015ftirilmi\u015f bir \u00fcr\u00fcnd\u00fcr. Cellucor C4 Extreme sporcular\u0131n ve \u00f6zellikle v\u00fccut geli\u015ftirme, fitness, crossfit gibi spor bran\u015flar\u0131yla ilgilenenlerin ihtiya\u00e7 duyabilece\u011fi patlay\u0131c\u0131 kuvvet art\u0131\u015f\u0131n\u0131 sa\u011flayabilir. \u00d6zel toz form\u00fclasyonu sayesinde suda \u00e7ok h\u0131zl\u0131 bir \u015fekilde \u00e7\u00f6z\u00fcmlenebilen bir \u00fcr\u00fcn olan C4 ayn\u0131 zamanda etkisini \u00e7ok k\u0131sa bir s\u00fcrede g\u00f6sterebilmektedir. Cellucor C4 Extreme a\u011f\u0131r ve tempolu antrenmanlar\u0131 bile daha rahat yapabilmeniz i\u00e7in gerekli olan enerji art\u0131\u015f\u0131n\u0131 size sa\u011flamaya \u00e7al\u0131\u015f\u0131r. Ayn\u0131 zamanda konsantrasyonu maksimumda tutman\u0131za . Cellucor C4 Extreme 'in Pump etkisi sayesinde damarlar geni\u015fler ve kan dola\u015f\u0131m\u0131 h\u0131z kazan\u0131r. Bu sayede kaslara pompalanan kan miktar\u0131 art\u0131\u015f g\u00f6sterebilir. Bu durum besinlerin, vitaminlerin, protein ve amino asitlerin kas h\u00fccrelerine daha da h\u0131zl\u0131 etki etmesinde ba\u015f rol oynar. Cellucor C4 Extreme 30 Servis her \u00f6l\u00e7ekte ayn\u0131 performans\u0131 sa\u011flayabilmesi i\u00e7in efor harcanm\u0131\u015f bir \u00fcr\u00fcnd\u00fcr. Muhte\u015fem aromas\u0131ndan tutunda ve emilim kolayl\u0131\u011f\u0131na kadar bir\u00e7ok detaya dikkat edilerek sporcular\u0131n kullan\u0131m\u0131na sunulmu\u015ftur. \u0130\u00e7eri\u011finde bulunan NOX (Nitrik Oksid) sayesinde kaslarda \u00fcretilen enerji olarak bilinen ATP seviyeleri art\u0131\u015f g\u00f6sterebilmektedir. Cellucor C4 Extreme 30 Servis i\u00e7eri\u011finde bulanan dikkat \u00e7ekici baz\u0131 etken maddeler; Beta Alanine : Dal\u0131l\u0131k ve enerji art\u0131\u015f\u0131 sa\u011flaya . Kaslarda birikebilecek laktik asit miktarlar\u0131n\u0131 tolere edebilir. B\u00f6ylece kas yorgunlu\u011fu d\u00fc\u015f\u00fck seviyelerde seyreder. Kreatin Nitrat : V\u00fccutta hem NOX hem de ATP seviyelerini ayn\u0131 anda y\u00fckseltebilen \u00f6zel bir kreatin \u00fcr\u00fcn\u00fcd\u00fcr. Emilimi artt\u0131rarak stresi azaltt\u0131\u011f\u0131 da lenmi\u015ftir. Arjinin AKG (Alpha Ketoglutarate) : Bilinen en etkili damar geni\u015fleticilerden biridir. B\u00fcy\u00fcme hormonuna (GH) olumlu etkiler yapabilmektedir.<\/pre>\n<\/div>\n<\/td>\n<\/tr>\n<\/tbody>\n<\/table>\n<\/div>\n<\/td>\n<\/tr>\n<\/tbody>\n<\/table>\n<\/div>\n<\/div>\n<\/li>\n<\/ul>\n<\/blockquote>\n","protected":false},"excerpt":{"rendered":"<p>Cellucor C4 Original Pre Workout 30 Servis Cellucor C4 Extreme antrenman yada aktivite \u00f6ncesinde enerji ve g\u00fc\u00e7 art\u0131\u015f\u0131 sa\u011flayabilmesi i\u00e7in<\/p>\n","protected":false},"featured_media":13353,"comment_status":"open","ping_status":"closed","template":"","meta":[],"product_brand":[],"product_cat":[71],"product_tag":[149],"class_list":{"0":"post-13352","1":"product","2":"type-product","3":"status-publish","4":"has-post-thumbnail","6":"product_cat-bcaapree-workout","7":"product_tag-c4","8":"wcpa_has_options","10":"first","11":"outofstock","12":"sale","13":"shipping-taxable","14":"purchasable","15":"product-type-simple"},"yoast_head":"<!-- This site is optimized with the Yoast SEO plugin v26.8 - https:\/\/yoast.com\/product\/yoast-seo-wordpress\/ -->\n<title>Cellucor C4 Original - 30 Serv. - Preworkout - Life Center Online Sat\u0131\u015f Ma\u011fazas\u0131<\/title>\n<meta name=\"robots\" content=\"index, follow, max-snippet:-1, max-image-preview:large, max-video-preview:-1\" \/>\n<link rel=\"canonical\" href=\"https:\/\/lifecenter.com.tr\/magaza\/urun\/cellucor-c4-original-30-serv-preworkout\/\" \/>\n<meta property=\"og:locale\" content=\"tr_TR\" \/>\n<meta property=\"og:type\" content=\"article\" \/>\n<meta property=\"og:title\" content=\"Cellucor C4 Original - 30 Serv. - Preworkout - Life Center Online Sat\u0131\u015f Ma\u011fazas\u0131\" \/>\n<meta property=\"og:description\" content=\"Cellucor C4 Original Pre Workout 30 Servis Cellucor C4 Extreme antrenman yada aktivite \u00f6ncesinde enerji ve g\u00fc\u00e7 art\u0131\u015f\u0131 sa\u011flayabilmesi i\u00e7in\" \/>\n<meta property=\"og:url\" content=\"https:\/\/lifecenter.com.tr\/magaza\/urun\/cellucor-c4-original-30-serv-preworkout\/\" \/>\n<meta property=\"og:site_name\" content=\"Life Center Online Sat\u0131\u015f Ma\u011fazas\u0131\" \/>\n<meta property=\"article:modified_time\" content=\"2025-02-18T14:34:55+00:00\" \/>\n<meta property=\"og:image\" content=\"https:\/\/lifecenter.com.tr\/magaza\/wp-content\/uploads\/2023\/09\/IMG_7210.webp\" \/>\n\t<meta property=\"og:image:width\" content=\"496\" \/>\n\t<meta property=\"og:image:height\" content=\"474\" \/>\n\t<meta property=\"og:image:type\" content=\"image\/webp\" \/>\n<meta name=\"twitter:card\" content=\"summary_large_image\" \/>\n<meta name=\"twitter:label1\" content=\"Tahmini okuma s\u00fcresi\" \/>\n\t<meta name=\"twitter:data1\" content=\"1 dakika\" \/>\n<script type=\"application\/ld+json\" class=\"yoast-schema-graph\">{\"@context\":\"https:\/\/schema.org\",\"@graph\":[{\"@type\":\"WebPage\",\"@id\":\"https:\/\/lifecenter.com.tr\/magaza\/urun\/cellucor-c4-original-30-serv-preworkout\/\",\"url\":\"https:\/\/lifecenter.com.tr\/magaza\/urun\/cellucor-c4-original-30-serv-preworkout\/\",\"name\":\"Cellucor C4 Original - 30 Serv. - Preworkout - Life Center Online Sat\u0131\u015f Ma\u011fazas\u0131\",\"isPartOf\":{\"@id\":\"https:\/\/lifecenter.com.tr\/magaza\/#website\"},\"primaryImageOfPage\":{\"@id\":\"https:\/\/lifecenter.com.tr\/magaza\/urun\/cellucor-c4-original-30-serv-preworkout\/#primaryimage\"},\"image\":{\"@id\":\"https:\/\/lifecenter.com.tr\/magaza\/urun\/cellucor-c4-original-30-serv-preworkout\/#primaryimage\"},\"thumbnailUrl\":\"https:\/\/lifecenter.com.tr\/magaza\/wp-content\/uploads\/2023\/09\/IMG_7210.webp\",\"datePublished\":\"2023-09-06T17:55:52+00:00\",\"dateModified\":\"2025-02-18T14:34:55+00:00\",\"breadcrumb\":{\"@id\":\"https:\/\/lifecenter.com.tr\/magaza\/urun\/cellucor-c4-original-30-serv-preworkout\/#breadcrumb\"},\"inLanguage\":\"tr\",\"potentialAction\":[{\"@type\":\"ReadAction\",\"target\":[\"https:\/\/lifecenter.com.tr\/magaza\/urun\/cellucor-c4-original-30-serv-preworkout\/\"]}]},{\"@type\":\"ImageObject\",\"inLanguage\":\"tr\",\"@id\":\"https:\/\/lifecenter.com.tr\/magaza\/urun\/cellucor-c4-original-30-serv-preworkout\/#primaryimage\",\"url\":\"https:\/\/lifecenter.com.tr\/magaza\/wp-content\/uploads\/2023\/09\/IMG_7210.webp\",\"contentUrl\":\"https:\/\/lifecenter.com.tr\/magaza\/wp-content\/uploads\/2023\/09\/IMG_7210.webp\",\"width\":496,\"height\":474},{\"@type\":\"BreadcrumbList\",\"@id\":\"https:\/\/lifecenter.com.tr\/magaza\/urun\/cellucor-c4-original-30-serv-preworkout\/#breadcrumb\",\"itemListElement\":[{\"@type\":\"ListItem\",\"position\":1,\"name\":\"Anasayfa\",\"item\":\"https:\/\/lifecenter.com.tr\/magaza\/\"},{\"@type\":\"ListItem\",\"position\":2,\"name\":\"Ma\u011faza\",\"item\":\"https:\/\/lifecenter.com.tr\/magaza\/magaza\/\"},{\"@type\":\"ListItem\",\"position\":3,\"name\":\"Cellucor C4 Original &#8211; 30 Serv. &#8211; Preworkout\"}]},{\"@type\":\"WebSite\",\"@id\":\"https:\/\/lifecenter.com.tr\/magaza\/#website\",\"url\":\"https:\/\/lifecenter.com.tr\/magaza\/\",\"name\":\"Life Center Online Sat\u0131\u015f Ma\u011fazas\u0131\",\"description\":\"Proteinler, Sporcu Besinleri\",\"potentialAction\":[{\"@type\":\"SearchAction\",\"target\":{\"@type\":\"EntryPoint\",\"urlTemplate\":\"https:\/\/lifecenter.com.tr\/magaza\/?s={search_term_string}\"},\"query-input\":{\"@type\":\"PropertyValueSpecification\",\"valueRequired\":true,\"valueName\":\"search_term_string\"}}],\"inLanguage\":\"tr\"}]}<\/script>\n<!-- \/ Yoast SEO plugin. -->","yoast_head_json":{"title":"Cellucor C4 Original - 30 Serv. - Preworkout - Life Center Online Sat\u0131\u015f Ma\u011fazas\u0131","robots":{"index":"index","follow":"follow","max-snippet":"max-snippet:-1","max-image-preview":"max-image-preview:large","max-video-preview":"max-video-preview:-1"},"canonical":"https:\/\/lifecenter.com.tr\/magaza\/urun\/cellucor-c4-original-30-serv-preworkout\/","og_locale":"tr_TR","og_type":"article","og_title":"Cellucor C4 Original - 30 Serv. - Preworkout - Life Center Online Sat\u0131\u015f Ma\u011fazas\u0131","og_description":"Cellucor C4 Original Pre Workout 30 Servis Cellucor C4 Extreme antrenman yada aktivite \u00f6ncesinde enerji ve g\u00fc\u00e7 art\u0131\u015f\u0131 sa\u011flayabilmesi i\u00e7in","og_url":"https:\/\/lifecenter.com.tr\/magaza\/urun\/cellucor-c4-original-30-serv-preworkout\/","og_site_name":"Life Center Online Sat\u0131\u015f Ma\u011fazas\u0131","article_modified_time":"2025-02-18T14:34:55+00:00","og_image":[{"width":496,"height":474,"url":"https:\/\/lifecenter.com.tr\/magaza\/wp-content\/uploads\/2023\/09\/IMG_7210.webp","type":"image\/webp"}],"twitter_card":"summary_large_image","twitter_misc":{"Tahmini okuma s\u00fcresi":"1 dakika"},"schema":{"@context":"https:\/\/schema.org","@graph":[{"@type":"WebPage","@id":"https:\/\/lifecenter.com.tr\/magaza\/urun\/cellucor-c4-original-30-serv-preworkout\/","url":"https:\/\/lifecenter.com.tr\/magaza\/urun\/cellucor-c4-original-30-serv-preworkout\/","name":"Cellucor C4 Original - 30 Serv. - Preworkout - Life Center Online Sat\u0131\u015f Ma\u011fazas\u0131","isPartOf":{"@id":"https:\/\/lifecenter.com.tr\/magaza\/#website"},"primaryImageOfPage":{"@id":"https:\/\/lifecenter.com.tr\/magaza\/urun\/cellucor-c4-original-30-serv-preworkout\/#primaryimage"},"image":{"@id":"https:\/\/lifecenter.com.tr\/magaza\/urun\/cellucor-c4-original-30-serv-preworkout\/#primaryimage"},"thumbnailUrl":"https:\/\/lifecenter.com.tr\/magaza\/wp-content\/uploads\/2023\/09\/IMG_7210.webp","datePublished":"2023-09-06T17:55:52+00:00","dateModified":"2025-02-18T14:34:55+00:00","breadcrumb":{"@id":"https:\/\/lifecenter.com.tr\/magaza\/urun\/cellucor-c4-original-30-serv-preworkout\/#breadcrumb"},"inLanguage":"tr","potentialAction":[{"@type":"ReadAction","target":["https:\/\/lifecenter.com.tr\/magaza\/urun\/cellucor-c4-original-30-serv-preworkout\/"]}]},{"@type":"ImageObject","inLanguage":"tr","@id":"https:\/\/lifecenter.com.tr\/magaza\/urun\/cellucor-c4-original-30-serv-preworkout\/#primaryimage","url":"https:\/\/lifecenter.com.tr\/magaza\/wp-content\/uploads\/2023\/09\/IMG_7210.webp","contentUrl":"https:\/\/lifecenter.com.tr\/magaza\/wp-content\/uploads\/2023\/09\/IMG_7210.webp","width":496,"height":474},{"@type":"BreadcrumbList","@id":"https:\/\/lifecenter.com.tr\/magaza\/urun\/cellucor-c4-original-30-serv-preworkout\/#breadcrumb","itemListElement":[{"@type":"ListItem","position":1,"name":"Anasayfa","item":"https:\/\/lifecenter.com.tr\/magaza\/"},{"@type":"ListItem","position":2,"name":"Ma\u011faza","item":"https:\/\/lifecenter.com.tr\/magaza\/magaza\/"},{"@type":"ListItem","position":3,"name":"Cellucor C4 Original &#8211; 30 Serv. &#8211; Preworkout"}]},{"@type":"WebSite","@id":"https:\/\/lifecenter.com.tr\/magaza\/#website","url":"https:\/\/lifecenter.com.tr\/magaza\/","name":"Life Center Online Sat\u0131\u015f Ma\u011fazas\u0131","description":"Proteinler, Sporcu Besinleri","potentialAction":[{"@type":"SearchAction","target":{"@type":"EntryPoint","urlTemplate":"https:\/\/lifecenter.com.tr\/magaza\/?s={search_term_string}"},"query-input":{"@type":"PropertyValueSpecification","valueRequired":true,"valueName":"search_term_string"}}],"inLanguage":"tr"}]}},"jetpack_sharing_enabled":true,"_links":{"self":[{"href":"https:\/\/lifecenter.com.tr\/magaza\/wp-json\/wp\/v2\/product\/13352","targetHints":{"allow":["GET"]}}],"collection":[{"href":"https:\/\/lifecenter.com.tr\/magaza\/wp-json\/wp\/v2\/product"}],"about":[{"href":"https:\/\/lifecenter.com.tr\/magaza\/wp-json\/wp\/v2\/types\/product"}],"replies":[{"embeddable":true,"href":"https:\/\/lifecenter.com.tr\/magaza\/wp-json\/wp\/v2\/comments?post=13352"}],"version-history":[{"count":1,"href":"https:\/\/lifecenter.com.tr\/magaza\/wp-json\/wp\/v2\/product\/13352\/revisions"}],"predecessor-version":[{"id":13354,"href":"https:\/\/lifecenter.com.tr\/magaza\/wp-json\/wp\/v2\/product\/13352\/revisions\/13354"}],"wp:featuredmedia":[{"embeddable":true,"href":"https:\/\/lifecenter.com.tr\/magaza\/wp-json\/wp\/v2\/media\/13353"}],"wp:attachment":[{"href":"https:\/\/lifecenter.com.tr\/magaza\/wp-json\/wp\/v2\/media?parent=13352"}],"wp:term":[{"taxonomy":"product_brand","embeddable":true,"href":"https:\/\/lifecenter.com.tr\/magaza\/wp-json\/wp\/v2\/product_brand?post=13352"},{"taxonomy":"product_cat","embeddable":true,"href":"https:\/\/lifecenter.com.tr\/magaza\/wp-json\/wp\/v2\/product_cat?post=13352"},{"taxonomy":"product_tag","embeddable":true,"href":"https:\/\/lifecenter.com.tr\/magaza\/wp-json\/wp\/v2\/product_tag?post=13352"}],"curies":[{"name":"wp","href":"https:\/\/api.w.org\/{rel}","templated":true}]}}